s of 7615938?
2, 3, 11, 257, 449
List the prime factors of 31243.
157, 199
What are the prime factors of 2808162?
2, 3, 7, 17, 19, 23
List the prime factors of 5536732.
2, 347, 3989
List the prime factors of 1129814.
2, 7, 80701
What are the prime factors of 477714?
2, 3, 103, 773
What are the prime factors of 103621?
7, 113, 131
What are the prime factors of 601385?
5, 120277
List the prime factors of 643679.
443, 1453
List the prime factors of 228522.
2, 3, 7, 5441
What are the prime factors of 2945727?
3, 41, 887
What are the prime factors of 3730207?
13, 43, 6673
List the prime factors of 22805264.
2, 53, 26893
What are the prime factors of 1291844?
2, 127, 2543
List the prime factors of 27209.
7, 13, 23
What are the prime factors of 7170661?
157, 45673
List the prime factors of 8845191.
3, 73, 13463
List the prime factors of 5177349.
3, 575261
List the prime factors of 826746.
2, 3, 137791
What are the prime factors of 538654?
2, 269327
List the prime factors of 2898207.
3, 13, 23, 359
What are the prime factors of 6781162?
2, 3390581
What are the prime factors of 5545802?
2, 2772901
List the prime factors of 221604.
2, 3, 59, 313
What are the prime factors of 20947621?
17, 1232213
List the prime factors of 1610921.
13, 29, 4273
What are the prime factors of 22353?
3, 7451
What are the prime factors of 26255694?
2, 3, 4375949
List the prime factors of 5678.
2, 17, 167
What are the prime factors of 24235216?
2, 1514701
List the prime factors of 9024652.
2, 7, 13, 24793
What are the prime factors of 930192?
2, 3, 19379
List the prime factors of 1296005.
5, 259201
List the prime factors of 205242.
2, 3, 79, 433
List the prime factors of 251359.
251359
What are the prime factors of 212786?
2, 7, 15199
List the prime factors of 1137302.
2, 19, 173
What are the prime factors of 16826547?
3, 23, 243863
What are the prime factors of 10535935?
5, 37, 56951
List the prime factors of 98467.
98467
List the prime factors of 5702653.
11, 271, 1913
List the prime factors of 644881.
644881
List the prime factors of 5869428.
2, 3, 71, 83
What are the prime factors of 2549255?
5, 43, 71, 167
List the prime factors of 1225139.
17, 19, 3793
List the prime factors of 16535412.
2, 3, 459317
List the prime factors of 3208744.
2, 7, 11, 5209
What are the prime factors of 1757294?
2, 7, 11, 11411
What are the prime factors of 3864899?
17, 61, 3727
List the prime factors of 188657.
7, 26951
What are the prime factors of 1816015?
5, 263, 1381
List the prime factors of 325857.
3, 7, 59, 263
List the prime factors of 6583043.
59, 111577
What are the prime factors of 156498?
2, 3, 26083
What are the prime factors of 89130?
2, 3, 5, 2971
List the prime factors of 599354.
2, 7, 31, 1381
List the prime factors of 239808.
2, 3, 1249
What are the prime factors of 14439075?
3, 5, 7, 3929
List the prime factors of 265413.
3, 88471
What are the prime factors of 136076?
2, 34019
What are the prime factors of 4274957?
4274957
List the prime factors of 305863.
29, 53, 199
What are the prime factors of 688477?
688477
List the prime factors of 1084494.
2, 3, 180749
What are the prime factors of 1116455?
5, 223291
List the prime factors of 134882.
2, 11, 6131
What are the prime factors of 167959?
11, 15269
List the prime factors of 141030.
2, 3, 5, 1567
List the prime factors of 9072516.
2, 3, 756043
What are the prime factors of 895130?
2, 5, 89513
What are the prime factors of 170541?
3, 7, 2707
What are the prime factors of 5965369?
79, 75511
What are the prime factors of 4836830?
2, 5, 19, 25457
List the prime factors of 20488083.
3, 7, 11, 733
What are the prime factors of 96688?
2, 6043
What are the prime factors of 16244002?
2, 29, 280069
List the prime factors of 4781.
7, 683
List the prime factors of 3701096.
2, 7, 29, 43, 53
List the prime factors of 538095.
3, 5, 29, 1237
List the prime factors of 3406093.
23, 148091
What are the prime factors of 3670977?
3, 773, 1583
List the prime factors of 829993.
829993
What are the prime factors of 740843?
17, 43579
List the prime factors of 58730.
2, 5, 7, 839
What are the prime factors of 11340238?
2, 7, 13, 4793
What are the prime factors of 84984?
2, 3, 3541
What are the prime factors of 18574534?
2, 11, 844297
What are the prime factors of 1138957?
1138957
What are the prime factors of 251589?
3, 13, 6451
What are the prime factors of 247383?
3, 27487
List the prime factors of 197018.
2, 23, 4283
What are the prime factors of 25524954?
2, 3, 7, 13, 15583
What are the prime factors of 32117723?
11, 67, 43579
What are the prime factors of 59869?
19, 23, 137
List the prime factors of 6910598.
2, 47, 73517
List the prime factors of 5131976.
2, 19, 1777
What are the prime factors of 19616021?
19616021
List the prime factors of 173062.
2, 86531
What are the prime factors of 421760?
2, 5, 659
List the prime factors of 109210.
2, 5, 67, 163
What are the prime factors of 6037226?
2, 13, 89, 2609
List the prime factors of 231652.
2, 29, 1997
List the prime factors of 69106.
2, 109, 317
What are the prime factors of 176373?
3, 19597
List the prime factors of 242140.
2, 5, 12107
List the prime factors of 4146965.
5, 67, 12379
What are the prime factors of 15774145?
5, 67, 47087
List the prime factors of 417234.
2, 3, 69539
List the prime factors of 718934.
2, 23, 15629
What are the prime factors of 27031154?
2, 13515577
What are the prime factors of 480543?
3, 7, 467
List the prime factors of 17441440.
2, 5, 67, 1627
List the prime factors of 3934142.
2, 1967071
What are the prime factors of 14651924?
2, 7, 41, 12763
What are the prime factors of 1059421?
11, 19, 37, 137
What are the prime factors of 88546?
2, 44273
List the prime factors of 1093467.
3, 73, 4993
What are the prime factors of 32131110?
2, 3, 5, 11, 97367
What are the prime factors of 412157?
412157
What are the prime factors of 303637?
17, 53, 337
What are the prime factors of 13369961?
11, 1215451
What are the prime factors of 201836?
2, 50459
What are the prime factors of 161571?
3, 53857
What are the prime factors of 109123?
7, 17, 131
What are the prime factors of 11127510?
2, 3, 5, 41213
What are the prime factors of 731794?
2, 7, 167, 313
What are the prime factors of 40848?
2, 3, 23, 37
List the prime factors of 1687366.
2, 733, 1151
List the prime factors of 4692381.
3, 419, 3733
What are the prime factors of 220576?
2, 61, 113
List the prime factors of 2605820.
2, 5, 7, 2659
What are the prime factors of 3657390?
2, 3, 5, 11, 11083
List the prime factors of 357074.
2, 178537
What are the prime factors of 655128?
2, 3, 337
List the prime factors of 291299.
291299
What are the prime factors of 541415?
5, 7, 31, 499
What are the prime factors of 26865?
3, 5, 199
List the prime factors of 888662.
2, 233, 1907
What are the prime factors of 382222?
2, 223, 857
List the prime factors of 79459.
181, 439
List the prime factors of 3170662.
2, 11, 167, 863
List the prime factors of 52799.
37, 1427
List the prime factors of 1174901.
7, 13, 12911
What are the prime factors of 8750972?
2, 2187743
List the prime factors of 19026868.
2, 7, 679531
List the prime factors of 594331.
37, 16063
What are the prime factors of 28054000?
2, 5, 13, 83
List the prime factors of 178979.
89, 2011
What are the prime factors of 18645149?
73, 255413
What are the prime factors of 7597085?
5, 1519417
What are the prime factors of 165231?
3, 11, 1669
What are the prime factors of 21080178?
2, 3, 7, 293, 571
List the prime factors of 50887.
151, 337
What are the prime factors of 275518?
2, 347, 397
What are the prime factors of 6410767?
11, 23, 25339
List the prime factors of 2257869.
3, 97, 7759
List the prime factors of 1475403.
3, 73, 6737
What are the prime factors of 182415?
3, 5, 12161
What are the prime factors of 596596?
2, 7, 11, 13, 149
List the prime factors of 12456742.
2, 19, 327809
List the prime factors of 6941888.
2, 79, 1373
What are the prime factors of 23953298?
2, 277, 43237
What are the prime factors of 8373547?
7, 13, 19, 29, 167
List the prime factors of 2179643.
2179643
List the prime factors of 7948152.
2, 3, 31, 1187
List the prime factors of 24882923.
13, 431, 4441
List the prime factors of 5265413.
19, 23, 12049
List the prime factors of 161578.
2, 80789
List the pri